 digit of 2873971905?
5
What is the hundreds digit of 53222040?
0
What is the ten thousands digit of 80227631?
2
What is the hundreds digit of 10402336?
3
What is the units digit of 3671338363?
3
What is the units digit of 820004647?
7
What is the units digit of 14238151?
1
What is the billions digit of 3196046706?
3
What is the thousands digit of 308924640?
4
What is the hundred millions digit of 262926063?
2
What is the hundred thousands digit of 27664461?
6
What is the hundred thousands digit of 235964375?
9
What is the hundreds digit of 67653145?
1
What is the hundred thousands digit of 358380995?
3
What is the hundreds digit of 544875418?
4
What is the ten millions digit of 1648306731?
4
What is the hundreds digit of 809664644?
6
What is the millions digit of 233677133?
3
What is the ten thousands digit of 4999244320?
4
What is the units digit of 938421242?
2
What is the units digit of 8286999?
9
What is the ten millions digit of 698613266?
9
What is the thousands digit of 1693872386?
2
What is the hundred thousands digit of 1577170701?
1
What is the ten millions digit of 1722411155?
2
What is the hundred millions digit of 1011405305?
0
What is the units digit of 69807007?
7
What is the tens digit of 269584270?
7
What is the hundreds digit of 1336165737?
7
What is the thousands digit of 66551565?
1
What is the hundreds digit of 12958994?
9
What is the thousands digit of 380202214?
2
What is the ten millions digit of 161217939?
6
What is the thousands digit of 116408971?
8
What is the hundred thousands digit of 11431613?
4
What is the thousands digit of 115812253?
2
What is the ten millions digit of 145925985?
4
What is the ten thousands digit of 73308116?
0
What is the thousands digit of 7008257?
8
What is the ten thousands digit of 73138563?
3
What is the ten millions digit of 93887574?
9
What is the ten millions digit of 45576088?
4
What is the hundreds digit of 256613515?
5
What is the millions digit of 61776135?
1
What is the ten thousands digit of 1940945333?
4
What is the hundreds digit of 25385945?
9
What is the millions digit of 2686630205?
6
What is the millions digit of 1282765323?
2
What is the hundred millions digit of 262231524?
2
What is the tens digit of 511053970?
7
What is the tens digit of 1800103477?
7
What is the thousands digit of 84331599?
1
What is the ten thousands digit of 217238253?
3
What is the hundreds digit of 73089515?
5
What is the units digit of 19631574?
4
What is the ten millions digit of 139681910?
3
What is the ten millions digit of 226354182?
2
What is the hundred thousands digit of 701704846?
7
What is the ten millions digit of 134561666?
3
What is the hundred thousands digit of 32428855?
4
What is the hundreds digit of 930617979?
9
What is the ten thousands digit of 1114524678?
2
What is the hundreds digit of 200224767?
7
What is the hundreds digit of 194923718?
7
What is the units digit of 19079682?
2
What is the ten millions digit of 4651685709?
5
What is the thousands digit of 1506357386?
7
What is the ten thousands digit of 3576811009?
1
What is the ten thousands digit of 74316984?
1
What is the millions digit of 3530194118?
0
What is the ten millions digit of 2857424682?
5
What is the hundreds digit of 2753773554?
5
What is the hundreds digit of 2317377?
3
What is the millions digit of 2873526195?
3
What is the hundreds digit of 26878695?
6
What is the tens digit of 77834994?
9
What is the hundred millions digit of 1040730233?
0
What is the ten millions digit of 7295937474?
9
What is the hundred thousands digit of 6201508925?
5
What is the units digit of 321291130?
0
What is the millions digit of 143365674?
3
What is the hundred thousands digit of 1834684084?
6
What is the hundreds digit of 2770762241?
2
What is the hundred thousands digit of 5345474790?
4
What is the tens digit of 157163311?
1
What is the units digit of 256165003?
3
What is the hundreds digit of 46498413?
4
What is the millions digit of 62406939?
2
What is the ten millions digit of 52934684?
5
What is the ten millions digit of 1348708539?
4
What is the millions digit of 13989575?
3
What is the tens digit of 29773036?
3
What is the billions digit of 1972108528?
1
What is the hundreds digit of 927702654?
6
What is the units digit of 7148300359?
9
What is the ten millions digit of 263504832?
6
What is the hundreds digit of 1430621957?
9
What is the billions digit of 2204952669?
2
What is the hundreds digit of 254332743?
7
What is the hundred millions digit of 1715002557?
7
What is the hundreds digit of 668723771?
7
What is the ten thousands digit of 506443571?
4
What is the units digit of 26470897?
7
What is the units digit of 31580576?
6
What is the hundred thousands digit of 234551358?
5
What is the tens digit of 4975460381?
8
What is the units digit of 5032724779?
9
What is the tens digit of 957390686?
8
What is the thousands digit of 52280222?
0
What is the units digit of 163793167?
7
What is the tens digit of 2112288073?
7
What is the ten millions digit of 1115459803?
1
What is the hundred thousands digit of 96275112?
2
What is the hundred thousands digit of 170961651?
9
What is the ten thousands digit of 26481803?
8
What is the millions digit of 1335296?
1
What is the hundred millions digit of 106795603?
1
What is the units digit of 121003014?
4
What is the hundreds digit of 54630051?
0
What is the units digit of 6757425?
5
What is the ten millions digit of 40254786?
4
What is the units digit of 15030051?
1
What is the hundred millions digit of 102883625?
1
What is the ten thousands digit of 967433416?
3
What is the billions digit of 1354433238?
1
What is the hundreds digit of 607804083?
0
What is the tens digit of 50275122?
2
What is the hundreds digit of 6167642048?
0
What is the tens digit of 76353826?
2
What is the hundreds digit of 420506766?
7
What is the hundreds digit of 447723979?
9
What is the hundred thousands digit of 3842372696?
3
What is the units digit of 33297572?
2
What is the millions digit of 3804816?
3
What is the millions digit of 19381721?
9
What is the hundreds digit of 2745498167?
1
What is the ten millions digit of 124014739?
2
What is the ten millions digit of 3861282478?
6
What is the hundreds digit of 39411322?
3
What is the hundred thousands digit of 10968446?
9
What is the tens digit of 637661533?
3
What is the units digit of 196458110?
0
What is the ten millions digit of 1647977318?
4
What is the thousands digit of 222967861?
7
What is the ten millions digit of 87710257?
8
What is the millions digit of 387616499?
7
What is the millions digit of 110377451?
0
What is the millions digit of 172731956?
2
What is the hundreds digit of 290993134?
1
What is the hundreds digit of 40284766?
7
What is the hundred millions digit of 1302347590?
3
What is the hundreds digit of 73384241?
2
What is the hundred thousands digit of 6513351267?
3
What is the hundred millions digit of 6655237622?
6
What is the hundred thousands digit of 47469994?
4
What is the tens digit of 165094945?
4
What is the units digit of 2830569858?
8
What is the hundreds digit of 2536793961?
9
What is the tens digit of 878362257?
5
What is the hundreds digit of 25301016?
0
What is the ten millions digit of 2132943243?
3
What is the hundred thousands digit of 1126729660?
7
What is the hundreds digit of 46418185?
1
What is the hundred millions digit of 2316997064?
3
What is the units digit of 313673957?
7
What is the hundred thousands digit of 48635599?
6
What is the units digit of 459228370?
0
What is the thousands digit of 36982389?
2
What is the tens digit of 1355896153?
5
What is the tens digit of 16669336?
3
What is the tens digit of 671334066?
6
What is the hundred millions digit of 769079162?
7
What is the ten thousands digit of 45040567?
4
What is the thousands digit of 5097818019?
8
What is the ten millions digit of 50684105?
5
What is the tens digit of 621690902?
0
What is the tens digit of 311032001?
0
What is the millions digit of 38771467?
8
What is the hundred thousands digit of 20966532?
9
What is the units digit of 33542755?
5
What is the hundreds digit of 30318896?
8
What is the hundreds digit of 884395907?
9
What is the hundred thousands digit of 20326937?
3
What is the ten millions digit of 1352691717?
5
What is the